{"id":7195,"date":"2024-01-12T07:47:28","date_gmt":"2024-01-12T06:47:28","guid":{"rendered":"http:\/\/dev.abellaires.com\/faq-items\/como-influye-el-clima-en-la-produccion-de-miel\/"},"modified":"2024-01-12T07:47:28","modified_gmt":"2024-01-12T06:47:28","slug":"como-influye-el-clima-en-la-produccion-de-miel","status":"publish","type":"avada_faq","link":"https:\/\/www.abellaires.com\/es\/faq-items\/como-influye-el-clima-en-la-produccion-de-miel\/","title":{"rendered":"\u00bfC\u00f3mo influye el clima en la producci\u00f3n de miel?"},"content":{"rendered":"<p>Si las \u00e9pocas de floraciones se ven acortadas debido a las altas temperaturas de verano, la entrada de n\u00e9ctar se ver\u00e1 seriamente afectada, provocando una producci\u00f3n de miel considerablemente m\u00e1s baja.<\/p>\n","protected":false},"excerpt":{"rendered":"<p>Si las \u00e9pocas de floraciones se ven acortadas debido a las altas &#8230;<\/p>\n","protected":false},"author":2,"featured_media":0,"menu_order":0,"comment_status":"closed","ping_status":"closed","template":"","format":"standard","meta":{"inline_featured_image":false,"footnotes":""},"faq_category":[],"class_list":["post-7195","avada_faq","type-avada_faq","status-publish","format-standard","hentry"],"_links":{"self":[{"href":"https:\/\/www.abellaires.com\/es\/wp-json\/wp\/v2\/avada_faq\/7195","targetHints":{"allow":["GET"]}}],"collection":[{"href":"https:\/\/www.abellaires.com\/es\/wp-json\/wp\/v2\/avada_faq"}],"about":[{"href":"https:\/\/www.abellaires.com\/es\/wp-json\/wp\/v2\/types\/avada_faq"}],"author":[{"embeddable":true,"href":"https:\/\/www.abellaires.com\/es\/wp-json\/wp\/v2\/users\/2"}],"replies":[{"embeddable":true,"href":"https:\/\/www.abellaires.com\/es\/wp-json\/wp\/v2\/comments?post=7195"}],"version-history":[{"count":0,"href":"https:\/\/www.abellaires.com\/es\/wp-json\/wp\/v2\/avada_faq\/7195\/revisions"}],"wp:attachment":[{"href":"https:\/\/www.abellaires.com\/es\/wp-json\/wp\/v2\/media?parent=7195"}],"wp:term":[{"taxonomy":"faq_category","embeddable":true,"href":"https:\/\/www.abellaires.com\/es\/wp-json\/wp\/v2\/faq_category?post=7195"}],"curies":[{"name":"wp","href":"https:\/\/api.w.org\/{rel}","templated":true}]}}

¿Cómo influye el clima en la producción de miel?

<p>Si las épocas de floraciones se ven acortadas debido a las altas temperaturas de verano, la entrada de néctar se verá seriamente afectada, provocando una producción de miel considerablemente más baja.</p>

<p>Si las épocas de floraciones se ven acortadas debido a las altas &#8230;</p>
