{"id":7196,"date":"2024-01-12T07:46:31","date_gmt":"2024-01-12T06:46:31","guid":{"rendered":"http:\/\/dev.abellaires.com\/faq-items\/que-es-la-varroa\/"},"modified":"2024-01-12T07:46:31","modified_gmt":"2024-01-12T06:46:31","slug":"que-es-la-varroa","status":"publish","type":"avada_faq","link":"https:\/\/www.abellaires.com\/es\/faq-items\/que-es-la-varroa\/","title":{"rendered":"\u00bfQu\u00e9 es la Varroa?"},"content":{"rendered":"<p>La Varroa es un \u00e1caro que parasita sobre las abejas debilitando su sistema inmunitario. Lleg\u00f3 a Catalu\u00f1a a principios de los 80 del pasado siglo.<\/p>\n","protected":false},"excerpt":{"rendered":"<p>La Varroa es un \u00e1caro que parasita sobre las abejas debilitando su &#8230;<\/p>\n","protected":false},"author":2,"featured_media":0,"menu_order":0,"comment_status":"closed","ping_status":"closed","template":"","format":"standard","meta":{"inline_featured_image":false,"footnotes":""},"faq_category":[],"class_list":["post-7196","avada_faq","type-avada_faq","status-publish","format-standard","hentry"],"_links":{"self":[{"href":"https:\/\/www.abellaires.com\/es\/wp-json\/wp\/v2\/avada_faq\/7196","targetHints":{"allow":["GET"]}}],"collection":[{"href":"https:\/\/www.abellaires.com\/es\/wp-json\/wp\/v2\/avada_faq"}],"about":[{"href":"https:\/\/www.abellaires.com\/es\/wp-json\/wp\/v2\/types\/avada_faq"}],"author":[{"embeddable":true,"href":"https:\/\/www.abellaires.com\/es\/wp-json\/wp\/v2\/users\/2"}],"replies":[{"embeddable":true,"href":"https:\/\/www.abellaires.com\/es\/wp-json\/wp\/v2\/comments?post=7196"}],"version-history":[{"count":0,"href":"https:\/\/www.abellaires.com\/es\/wp-json\/wp\/v2\/avada_faq\/7196\/revisions"}],"wp:attachment":[{"href":"https:\/\/www.abellaires.com\/es\/wp-json\/wp\/v2\/media?parent=7196"}],"wp:term":[{"taxonomy":"faq_category","embeddable":true,"href":"https:\/\/www.abellaires.com\/es\/wp-json\/wp\/v2\/faq_category?post=7196"}],"curies":[{"name":"wp","href":"https:\/\/api.w.org\/{rel}","templated":true}]}}

¿Qué es la Varroa?

<p>La Varroa es un ácaro que parasita sobre las abejas debilitando su sistema inmunitario. Llegó a Cataluña a principios de los 80 del pasado siglo.</p>

<p>La Varroa es un ácaro que parasita sobre las abejas debilitando su &#8230;</p>
