{"id":7210,"date":"2024-01-12T07:38:34","date_gmt":"2024-01-12T06:38:34","guid":{"rendered":"http:\/\/dev.abellaires.com\/faq-items\/que-hacemos-con-las-abejas-que-retiramos-y-o-rescatamos\/"},"modified":"2024-01-12T07:38:34","modified_gmt":"2024-01-12T06:38:34","slug":"que-hacemos-con-las-abejas-que-retiramos-y-o-rescatamos","status":"publish","type":"avada_faq","link":"https:\/\/www.abellaires.com\/es\/faq-items\/que-hacemos-con-las-abejas-que-retiramos-y-o-rescatamos\/","title":{"rendered":"\u00bfQu\u00e9 hacemos con las abejas que retiramos y\/o rescatamos?"},"content":{"rendered":"\n\nUna vez hemos rescatado las abejas las pondremos en un apiario independiente de la explotaci\u00f3n. Como desconocemos su origen, no sabemos si est\u00e1n medicadas contra Varroa (ver pregunta varroa).\n\n \n\nEn el apiario hospital se tratan, se alimentan si es necesario, tambi\u00e9n se les proporciona una fuente de agua. Se realiza seguimiento durante un mes. Una vez que sabemos que est\u00e1n sanas se incorporan a un apiario en funcionamiento.\n\n \n\nSi sobreviven, normalmente el primer a\u00f1o solo har\u00e1n miel para su propio consumo y a partir del segundo a\u00f1o podremos empezar a recogerla nosotros.\n\n","protected":false},"excerpt":{"rendered":"<p>Una vez hemos rescatado las abejas las pondremos en un apiario independiente &#8230;<\/p>\n","protected":false},"author":2,"featured_media":0,"menu_order":0,"comment_status":"closed","ping_status":"closed","template":"","format":"standard","meta":{"inline_featured_image":false,"footnotes":""},"faq_category":[],"class_list":["post-7210","avada_faq","type-avada_faq","status-publish","format-standard","hentry"],"_links":{"self":[{"href":"https:\/\/www.abellaires.com\/es\/wp-json\/wp\/v2\/avada_faq\/7210","targetHints":{"allow":["GET"]}}],"collection":[{"href":"https:\/\/www.abellaires.com\/es\/wp-json\/wp\/v2\/avada_faq"}],"about":[{"href":"https:\/\/www.abellaires.com\/es\/wp-json\/wp\/v2\/types\/avada_faq"}],"author":[{"embeddable":true,"href":"https:\/\/www.abellaires.com\/es\/wp-json\/wp\/v2\/users\/2"}],"replies":[{"embeddable":true,"href":"https:\/\/www.abellaires.com\/es\/wp-json\/wp\/v2\/comments?post=7210"}],"version-history":[{"count":0,"href":"https:\/\/www.abellaires.com\/es\/wp-json\/wp\/v2\/avada_faq\/7210\/revisions"}],"wp:attachment":[{"href":"https:\/\/www.abellaires.com\/es\/wp-json\/wp\/v2\/media?parent=7210"}],"wp:term":[{"taxonomy":"faq_category","embeddable":true,"href":"https:\/\/www.abellaires.com\/es\/wp-json\/wp\/v2\/faq_category?post=7210"}],"curies":[{"name":"wp","href":"https:\/\/api.w.org\/{rel}","templated":true}]}}

¿Qué hacemos con las abejas que retiramos y/o rescatamos?

Una vez hemos rescatado las abejas las pondremos en un apiario independiente de la explotación. Como desconocemos su origen, no sabemos si están medicadas contra Varroa (ver pregunta varroa).

 

En el apiario hospital se tratan, se alimentan si es necesario, también se les proporciona una fuente de agua. Se realiza seguimiento durante un mes. Una vez que sabemos que están sanas se incorporan a un apiario en funcionamiento.

 

Si sobreviven, normalmente el primer año solo harán miel para su propio consumo y a partir del segundo año podremos empezar a recogerla nosotros.
