{"id":6322,"date":"2023-04-14T07:23:45","date_gmt":"2023-04-14T06:23:45","guid":{"rendered":"http:\/\/dev.abellaires.com\/reserva-apicultor-per-un-dia\/"},"modified":"2024-03-11T10:42:45","modified_gmt":"2024-03-11T09:42:45","slug":"reserva-apicultor-per-un-dia","status":"publish","type":"page","link":"https:\/\/www.abellaires.com\/es\/reserva-apicultor-per-un-dia\/","title":{"rendered":"Reserva &#8211; Apicultor por un d\u00eda"},"content":{"rendered":"<p><div class=\"fusion-fullwidth fullwidth-box fusion-builder-row-1 fusion-flex-container has-pattern-background has-mask-background nonhundred-percent-fullwidth non-hundred-percent-height-scrolling\" style=\"--awb-border-radius-top-left:0px;--awb-border-radius-top-right:0px;--awb-border-radius-bottom-right:0px;--awb-border-radius-bottom-left:0px;--awb-padding-top:1%;--awb-padding-bottom:1%;--awb-flex-wrap:wrap;\" ><div class=\"fusion-builder-row fusion-row fusion-flex-align-items-flex-start fusion-flex-content-wrap\" style=\"max-width:1320.8px;margin-left: calc(-4% \/ 2 );margin-right: calc(-4% \/ 2 );\"><div class=\"fusion-layout-column fusion_builder_column fusion-builder-column-0 fusion_builder_column_1_1 1_1 fusion-flex-column\" style=\"--awb-bg-size:cover;--awb-width-large:100%;--awb-margin-top-large:20px;--awb-spacing-right-large:1.92%;--awb-margin-bottom-large:20px;--awb-spacing-left-large:1.92%;--awb-width-medium:100%;--awb-order-medium:0;--awb-spacing-right-medium:1.92%;--awb-spacing-left-medium:1.92%;--awb-width-small:100%;--awb-order-small:0;--awb-spacing-right-small:1.92%;--awb-spacing-left-small:1.92%;\"><div class=\"fusion-column-wrapper fusion-column-has-shadow fusion-flex-justify-content-flex-start fusion-content-layout-column\"><div class=\"fusion-title title fusion-title-1 fusion-sep-none fusion-title-center fusion-title-text fusion-title-size-three\" style=\"--awb-margin-top-small:8px;--awb-margin-right-small:0px;--awb-margin-bottom-small:16px;--awb-margin-left-small:0px;\"><h3 class=\"fusion-title-heading title-heading-center fusion-responsive-typography-calculated\" style=\"margin:0;--fontSize:28;line-height:1.32;\">A TENER EN CUENTA<\/h3><\/div><div class=\"fusion-separator\" style=\"align-self: center;margin-left: auto;margin-right: auto;margin-bottom:10px;width:100%;max-width:300px;\"><div class=\"fusion-separator-border sep-single sep-solid\" style=\"--awb-height:20px;--awb-amount:20px;border-color:var(--awb-color3);border-top-width:1px;\"><\/div><\/div><div class=\"fusion-text fusion-text-1\" style=\"--awb-content-alignment:center;--awb-margin-top:3%;\"><p style=\"text-align: left;\"><strong>Precauciones:<\/strong><\/p>\n<ul>\n<li style=\"text-align: left;\">Actividad NO apta para personas con movilidad reducida, ni menores de 4 a\u00f1os.<\/li>\n<li style=\"text-align: left;\">No se recomienda a personas al\u00e9rgicas a las abejas.<\/li>\n<li style=\"text-align: left;\">La visita incluye el alquiler del traje de apicultor con m\u00e1scara y guantes, el calzado lo debe traer cada uno; aconsejamos tipo bota que cubra el tobillo.<\/li>\n<\/ul>\n<\/div><div class=\"fusion-text fusion-text-2\" style=\"--awb-content-alignment:center;--awb-margin-top:3%;\"><p style=\"text-align: left;\"><strong>Informaci\u00f3n importante para verano:<\/strong><\/p>\n<ul>\n<li style=\"text-align: left;\">Durante los meses de julio y agosto no se realizar\u00e1 esta actividad en fechas programadas. Sin embargo, ten\u00e9is la opci\u00f3n de hacer una reserva para grupo el d\u00eda que quer\u00e1is.<\/li>\n<li style=\"text-align: left;\">Debido a las temperaturas estivales, la hora de encuentro ser\u00e1 a las 8:30h en nuestras instalaciones en Garriguella.<\/li>\n<\/ul>\n<\/div><div class=\"fusion-text fusion-text-3\" style=\"--awb-content-alignment:center;--awb-margin-top:3%;\"><p style=\"text-align: left;\"><strong>Cancelaciones:<\/strong><\/p>\n<ul>\n<li style=\"text-align: left;\">La cancelaci\u00f3n de la reserva comunicada 48h antes de la visita implicar\u00e1 una penalizaci\u00f3n del 10% del total de la reserva.<\/li>\n<li style=\"text-align: left;\">La cancelaci\u00f3n de la reserva durante las 48h previas al d\u00eda de la experiencia comportar\u00e1 la p\u00e9rdida del importe total de la reserva (ten\u00e9is la opci\u00f3n de ceder vuestra reserva a terceras personas, siempre y cuando nos lo comuniqu\u00e9is previamente).<\/li>\n<li style=\"text-align: left;\">Esta actividad est\u00e1 condicionada a las condiciones meteorol\u00f3gicas y puede estar sujeta a cambios o cancelaciones seg\u00fan el pron\u00f3stico del tiempo.<\/li>\n<\/ul>\n<\/div><\/div><\/div><\/div><\/div><div class=\"fusion-fullwidth fullwidth-box fusion-builder-row-2 fusion-flex-container has-pattern-background has-mask-background nonhundred-percent-fullwidth non-hundred-percent-height-scrolling\" style=\"--awb-border-radius-top-left:0px;--awb-border-radius-top-right:0px;--awb-border-radius-bottom-right:0px;--awb-border-radius-bottom-left:0px;--awb-padding-top:0%;--awb-padding-bottom:1%;--awb-flex-wrap:wrap;\" ><div class=\"fusion-builder-row fusion-row fusion-flex-align-items-flex-start fusion-flex-justify-content-center fusion-flex-content-wrap\" style=\"max-width:1320.8px;margin-left: calc(-4% \/ 2 );margin-right: calc(-4% \/ 2 );\"><div class=\"fusion-layout-column fusion_builder_column fusion-builder-column-1 fusion_builder_column_1_1 1_1 fusion-flex-column\" style=\"--awb-bg-size:cover;--awb-width-large:100%;--awb-margin-top-large:20px;--awb-spacing-right-large:1.92%;--awb-margin-bottom-large:20px;--awb-spacing-left-large:1.92%;--awb-width-medium:100%;--awb-order-medium:0;--awb-spacing-right-medium:1.92%;--awb-spacing-left-medium:1.92%;--awb-width-small:100%;--awb-order-small:0;--awb-spacing-right-small:1.92%;--awb-spacing-left-small:1.92%;\"><div class=\"fusion-column-wrapper fusion-column-has-shadow fusion-flex-justify-content-flex-start fusion-content-layout-column\"><div class=\"fusion-title title fusion-title-2 fusion-sep-none fusion-title-center fusion-title-text fusion-title-size-three\" style=\"--awb-margin-top-small:8px;--awb-margin-right-small:0px;--awb-margin-bottom-small:16px;--awb-margin-left-small:0px;\"><h3 class=\"fusion-title-heading title-heading-center fusion-responsive-typography-calculated\" style=\"margin:0;--fontSize:28;line-height:1.32;\">RESERVA<\/h3><\/div><div class=\"fusion-separator\" style=\"align-self: center;margin-left: auto;margin-right: auto;margin-bottom:50px;width:100%;max-width:300px;\"><div class=\"fusion-separator-border sep-single sep-solid\" style=\"--awb-height:20px;--awb-amount:20px;border-color:var(--awb-color3);border-top-width:1px;\"><\/div><\/div>[wpbs id=\"2\" form_id=\"2\" title=\"no\" legend_position=\"bottom\" highlighttoday=\"yes\" form_position=\"side\" selection_type=\"single\"]\n<\/div><\/div><\/div><\/div><\/p>\n","protected":false},"excerpt":{"rendered":"","protected":false},"author":2,"featured_media":0,"parent":0,"menu_order":0,"comment_status":"closed","ping_status":"closed","template":"100-width.php","meta":{"inline_featured_image":false,"footnotes":""},"class_list":["post-6322","page","type-page","status-publish","hentry"],"_links":{"self":[{"href":"https:\/\/www.abellaires.com\/es\/wp-json\/wp\/v2\/pages\/6322","targetHints":{"allow":["GET"]}}],"collection":[{"href":"https:\/\/www.abellaires.com\/es\/wp-json\/wp\/v2\/pages"}],"about":[{"href":"https:\/\/www.abellaires.com\/es\/wp-json\/wp\/v2\/types\/page"}],"author":[{"embeddable":true,"href":"https:\/\/www.abellaires.com\/es\/wp-json\/wp\/v2\/users\/2"}],"replies":[{"embeddable":true,"href":"https:\/\/www.abellaires.com\/es\/wp-json\/wp\/v2\/comments?post=6322"}],"version-history":[{"count":0,"href":"https:\/\/www.abellaires.com\/es\/wp-json\/wp\/v2\/pages\/6322\/revisions"}],"wp:attachment":[{"href":"https:\/\/www.abellaires.com\/es\/wp-json\/wp\/v2\/media?parent=6322"}],"curies":[{"name":"wp","href":"https:\/\/api.w.org\/{rel}","templated":true}]}}

Reserva &#8211; Apicultor por un día

<p><div class="fusion-fullwidth fullwidth-box fusion-builder-row-1 fusion-flex-container has-pattern-background has-mask-background nonhundred-percent-fullwidth non-hundred-percent-height-scrolling" style="--awb-border-radius-top-left:0px;--awb-border-radius-top-right:0px;--awb-border-radius-bottom-right:0px;--awb-border-radius-bottom-left:0px;--awb-padding-top:1%;--awb-padding-bottom:1%;--awb-flex-wrap:wrap;" ><div class="fusion-builder-row fusion-row fusion-flex-align-items-flex-start fusion-flex-content-wrap" style="max-width:1320.8px;margin-left: calc(-4% / 2 );margin-right: calc(-4% / 2 );"><div class="fusion-layout-column fusion_builder_column fusion-builder-column-0 fusion_builder_column_1_1 1_1 fusion-flex-column" style="--awb-bg-size:cover;--awb-width-large:100%;--awb-margin-top-large:20px;--awb-spacing-right-large:1.92%;--awb-margin-bottom-large:20px;--awb-spacing-left-large:1.92%;--awb-width-medium:100%;--awb-order-medium:0;--awb-spacing-right-medium:1.92%;--awb-spacing-left-medium:1.92%;--awb-width-small:100%;--awb-order-small:0;--awb-spacing-right-small:1.92%;--awb-spacing-left-small:1.92%;"><div class="fusion-column-wrapper fusion-column-has-shadow fusion-flex-justify-content-flex-start fusion-content-layout-column"><div class="fusion-title title fusion-title-1 fusion-sep-none fusion-title-center fusion-title-text fusion-title-size-three" style="--awb-margin-top-small:8px;--awb-margin-right-small:0px;--awb-margin-bottom-small:16px;--awb-margin-left-small:0px;"><h3 class="fusion-title-heading title-heading-center fusion-responsive-typography-calculated" style="margin:0;--fontSize:28;line-height:1.32;">A TENER EN CUENTA</h3></div><div class="fusion-separator" style="align-self: center;margin-left: auto;margin-right: auto;margin-bottom:10px;width:100%;max-width:300px;"><div class="fusion-separator-border sep-single sep-solid" style="--awb-height:20px;--awb-amount:20px;border-color:var(--awb-color3);border-top-width:1px;"></div></div><div class="fusion-text fusion-text-1" style="--awb-content-alignment:center;--awb-margin-top:3%;"><p style="text-align: left;"><strong>Precauciones:</strong></p>
<ul>
<li style="text-align: left;">Actividad NO apta para personas con movilidad reducida, ni menores de 4 años.</li>
<li style="text-align: left;">No se recomienda a personas alérgicas a las abejas.</li>
<li style="text-align: left;">La visita incluye el alquiler del traje de apicultor con máscara y guantes, el calzado lo debe traer cada uno; aconsejamos tipo bota que cubra el tobillo.</li>
</ul>
</div><div class="fusion-text fusion-text-2" style="--awb-content-alignment:center;--awb-margin-top:3%;"><p style="text-align: left;"><strong>Información importante para verano:</strong></p>
<ul>
<li style="text-align: left;">Durante los meses de julio y agosto no se realizará esta actividad en fechas programadas. Sin embargo, tenéis la opción de hacer una reserva para grupo el día que queráis.</li>
<li style="text-align: left;">Debido a las temperaturas estivales, la hora de encuentro será a las 8:30h en nuestras instalaciones en Garriguella.</li>
</ul>
</div><div class="fusion-text fusion-text-3" style="--awb-content-alignment:center;--awb-margin-top:3%;"><p style="text-align: left;"><strong>Cancelaciones:</strong></p>
<ul>
<li style="text-align: left;">La cancelación de la reserva comunicada 48h antes de la visita implicará una penalización del 10% del total de la reserva.</li>
<li style="text-align: left;">La cancelación de la reserva durante las 48h previas al día de la experiencia comportará la pérdida del importe total de la reserva (tenéis la opción de ceder vuestra reserva a terceras personas, siempre y cuando nos lo comuniquéis previamente).</li>
<li style="text-align: left;">Esta actividad está condicionada a las condiciones meteorológicas y puede estar sujeta a cambios o cancelaciones según el pronóstico del tiempo.</li>
</ul>
</div></div></div></div></div><div class="fusion-fullwidth fullwidth-box fusion-builder-row-2 fusion-flex-container has-pattern-background has-mask-background nonhundred-percent-fullwidth non-hundred-percent-height-scrolling" style="--awb-border-radius-top-left:0px;--awb-border-radius-top-right:0px;--awb-border-radius-bottom-right:0px;--awb-border-radius-bottom-left:0px;--awb-padding-top:0%;--awb-padding-bottom:1%;--awb-flex-wrap:wrap;" ><div class="fusion-builder-row fusion-row fusion-flex-align-items-flex-start fusion-flex-justify-content-center fusion-flex-content-wrap" style="max-width:1320.8px;margin-left: calc(-4% / 2 );margin-right: calc(-4% / 2 );"><div class="fusion-layout-column fusion_builder_column fusion-builder-column-1 fusion_builder_column_1_1 1_1 fusion-flex-column" style="--awb-bg-size:cover;--awb-width-large:100%;--awb-margin-top-large:20px;--awb-spacing-right-large:1.92%;--awb-margin-bottom-large:20px;--awb-spacing-left-large:1.92%;--awb-width-medium:100%;--awb-order-medium:0;--awb-spacing-right-medium:1.92%;--awb-spacing-left-medium:1.92%;--awb-width-small:100%;--awb-order-small:0;--awb-spacing-right-small:1.92%;--awb-spacing-left-small:1.92%;"><div class="fusion-column-wrapper fusion-column-has-shadow fusion-flex-justify-content-flex-start fusion-content-layout-column"><div class="fusion-title title fusion-title-2 fusion-sep-none fusion-title-center fusion-title-text fusion-title-size-three" style="--awb-margin-top-small:8px;--awb-margin-right-small:0px;--awb-margin-bottom-small:16px;--awb-margin-left-small:0px;"><h3 class="fusion-title-heading title-heading-center fusion-responsive-typography-calculated" style="margin:0;--fontSize:28;line-height:1.32;">RESERVA</h3></div><div class="fusion-separator" style="align-self: center;margin-left: auto;margin-right: auto;margin-bottom:50px;width:100%;max-width:300px;"><div class="fusion-separator-border sep-single sep-solid" style="--awb-height:20px;--awb-amount:20px;border-color:var(--awb-color3);border-top-width:1px;"></div></div>[wpbs id="2" form_id="2" title="no" legend_position="bottom" highlighttoday="yes" form_position="side" selection_type="single"]
</div></div></div></div></p>
