{"id":13545,"date":"2025-03-20T18:08:09","date_gmt":"2025-03-20T17:08:09","guid":{"rendered":"https:\/\/www.abellaires.com\/product\/caramelos-de-propoleos-100g\/"},"modified":"2025-12-29T21:54:58","modified_gmt":"2025-12-29T20:54:58","slug":"caramelos-de-propoleos-100g","status":"publish","type":"product","link":"https:\/\/www.abellaires.com\/es\/producto\/caramelos-de-propoleos-100g\/","title":{"rendered":"Caramelos de Prop\u00f3leos (100g)"},"content":{"rendered":"<p>Caramelo duro con edulcorantes (bolsa 100g)<\/p>\n<p>Ingredientes: Isomalt, jarabe de maltitol, prop\u00f3leos en polvo, \u00e1cido c\u00edtrico, aceite esencial de lim\u00f3n y stevia.<\/p>\n<p>Producto sin Gluten<\/p>\n<p>Informaci\u00f3n nutricional (Por cada 100g):<\/p>\n<p>Valor energ\u00e9tico 235 kcal\/980 KJ &#8211; Proteinas &lt;0,5g \u2013 Hidratos de carbono: 98g \u2013 Grasas &lt;0,5g \u2013 Fibra alimentaria &lt;0,5g \u2013 Sodio 0,01g<\/p>\n<p>&nbsp;<\/p>\n","protected":false},"excerpt":{"rendered":"<p>Caramelos de Prop\u00f3leos <strong>sin az\u00facar <\/strong> <\/p>\n","protected":false},"featured_media":13030,"template":"","meta":{"inline_featured_image":false},"product_brand":[],"product_cat":[390],"product_tag":[],"class_list":{"0":"post-13545","1":"product","2":"type-product","3":"status-publish","4":"has-post-thumbnail","6":"product_cat-otros-productos-es","8":"first","9":"instock","10":"shipping-taxable","11":"purchasable","12":"product-type-simple"},"booking_location":null,"booking_location_type":null,"booking_duration":null,"booking_buffer":null,"booking_cost":null,"booking_resources":null,"_links":{"self":[{"href":"https:\/\/www.abellaires.com\/es\/wp-json\/wp\/v2\/product\/13545","targetHints":{"allow":["GET"]}}],"collection":[{"href":"https:\/\/www.abellaires.com\/es\/wp-json\/wp\/v2\/product"}],"about":[{"href":"https:\/\/www.abellaires.com\/es\/wp-json\/wp\/v2\/types\/product"}],"wp:featuredmedia":[{"embeddable":true,"href":"https:\/\/www.abellaires.com\/es\/wp-json\/wp\/v2\/media\/13030"}],"wp:attachment":[{"href":"https:\/\/www.abellaires.com\/es\/wp-json\/wp\/v2\/media?parent=13545"}],"wp:term":[{"taxonomy":"product_brand","embeddable":true,"href":"https:\/\/www.abellaires.com\/es\/wp-json\/wp\/v2\/product_brand?post=13545"},{"taxonomy":"product_cat","embeddable":true,"href":"https:\/\/www.abellaires.com\/es\/wp-json\/wp\/v2\/product_cat?post=13545"},{"taxonomy":"product_tag","embeddable":true,"href":"https:\/\/www.abellaires.com\/es\/wp-json\/wp\/v2\/product_tag?post=13545"}],"curies":[{"name":"wp","href":"https:\/\/api.w.org\/{rel}","templated":true}]}}

Caramelos de Propóleos (100g)

<p>Caramelo duro con edulcorantes (bolsa 100g)</p>
<p>Ingredientes: Isomalt, jarabe de maltitol, propóleos en polvo, ácido cítrico, aceite esencial de limón y stevia.</p>
<p>Producto sin Gluten</p>
<p>Información nutricional (Por cada 100g):</p>
<p>Valor energético 235 kcal/980 KJ &#8211; Proteinas &lt;0,5g – Hidratos de carbono: 98g – Grasas &lt;0,5g – Fibra alimentaria &lt;0,5g – Sodio 0,01g</p>
<p>&nbsp;</p>

<p>Caramelos de Propóleos <strong>sin azúcar </strong> </p>
