{"id":13548,"date":"2025-03-20T18:29:43","date_gmt":"2025-03-20T17:29:43","guid":{"rendered":"https:\/\/www.abellaires.com\/product\/cerveza-ecologica-con-miel\/"},"modified":"2025-06-04T18:17:40","modified_gmt":"2025-06-04T16:17:40","slug":"cerveza-ecologica-con-miel","status":"publish","type":"product","link":"https:\/\/www.abellaires.com\/es\/producto\/cerveza-ecologica-con-miel\/","title":{"rendered":"Cerveza ecol\u00f3gica con miel 6 x 33 cl"},"content":{"rendered":"<p>Cerveza con miel ecol\u00f3gica <em>blonde ale<\/em> de color dorado y espuma blanca.<\/p>\n<p> Aromas intensos de miel, malta, flores blancas y azahar, aromas especiados de clavo en nariz y pimienta blanca.<\/p>\n<p> Final de boca ligeramente lupulizado, lo que le proporciona un buen equilibrio.<\/p>\n<p> Se recomienda servir fr\u00eda entre 4-6\u00ba<\/p>\n<p> 6 botellas de 33 cl.<\/p>\n","protected":false},"excerpt":{"rendered":"<p>Cerveza ecol\u00f3gica con miel elaborada de forma artesanal, con malta de cebada, miel de brezo y l\u00fapulo procedentes de la agricultura ecol\u00f3gica.<\/p>\n<p> 5,5% vol.<\/p>\n","protected":false},"featured_media":16415,"template":"","meta":{"inline_featured_image":false},"product_brand":[],"product_cat":[565],"product_tag":[],"class_list":{"0":"post-13548","1":"product","2":"type-product","3":"status-publish","4":"has-post-thumbnail","6":"product_cat-cerveza-con-miel","8":"first","9":"instock","10":"shipping-taxable","11":"purchasable","12":"product-type-simple"},"booking_location":null,"booking_location_type":null,"booking_duration":null,"booking_buffer":null,"booking_cost":null,"booking_resources":null,"_links":{"self":[{"href":"https:\/\/www.abellaires.com\/es\/wp-json\/wp\/v2\/product\/13548","targetHints":{"allow":["GET"]}}],"collection":[{"href":"https:\/\/www.abellaires.com\/es\/wp-json\/wp\/v2\/product"}],"about":[{"href":"https:\/\/www.abellaires.com\/es\/wp-json\/wp\/v2\/types\/product"}],"wp:featuredmedia":[{"embeddable":true,"href":"https:\/\/www.abellaires.com\/es\/wp-json\/wp\/v2\/media\/16415"}],"wp:attachment":[{"href":"https:\/\/www.abellaires.com\/es\/wp-json\/wp\/v2\/media?parent=13548"}],"wp:term":[{"taxonomy":"product_brand","embeddable":true,"href":"https:\/\/www.abellaires.com\/es\/wp-json\/wp\/v2\/product_brand?post=13548"},{"taxonomy":"product_cat","embeddable":true,"href":"https:\/\/www.abellaires.com\/es\/wp-json\/wp\/v2\/product_cat?post=13548"},{"taxonomy":"product_tag","embeddable":true,"href":"https:\/\/www.abellaires.com\/es\/wp-json\/wp\/v2\/product_tag?post=13548"}],"curies":[{"name":"wp","href":"https:\/\/api.w.org\/{rel}","templated":true}]}}

Cerveza ecológica con miel 6 x 33 cl

<p>Cerveza con miel ecológica <em>blonde ale</em> de color dorado y espuma blanca.</p>
<p> Aromas intensos de miel, malta, flores blancas y azahar, aromas especiados de clavo en nariz y pimienta blanca.</p>
<p> Final de boca ligeramente lupulizado, lo que le proporciona un buen equilibrio.</p>
<p> Se recomienda servir fría entre 4-6º</p>
<p> 6 botellas de 33 cl.</p>

<p>Cerveza ecológica con miel elaborada de forma artesanal, con malta de cebada, miel de brezo y lúpulo procedentes de la agricultura ecológica.</p>
<p> 5,5% vol.</p>
