{"id":13550,"date":"2025-03-20T18:47:39","date_gmt":"2025-03-20T17:47:39","guid":{"rendered":"https:\/\/www.abellaires.com\/product\/cerveza-limbik-co-imperial-porter\/"},"modified":"2026-01-20T16:54:05","modified_gmt":"2026-01-20T15:54:05","slug":"cerveza-limbik-co-imperial-porter","status":"publish","type":"product","link":"https:\/\/www.abellaires.com\/es\/producto\/cerveza-limbik-co-imperial-porter\/","title":{"rendered":"Cerveza con miel Limbik Co. Imperial Porter 6 x 33 cl"},"content":{"rendered":"<p>Limbik Co. Imperial Porter <\/p>\n<p>Alc. 9%. Venta en lotes de 6 botellas de 33 cl<\/p>\n<p>Cerveza Imperial Porter hecha de trigo y cebada sin maltear los campos de Jep de Vilaju\u00efga, nuestra miel del Paraje Natural de las Alberes y el l\u00fapulo de la L\u00fapulina.<\/p>\n<p>Una vez terminada la fermentaci\u00f3n, madura en madera de roble americano aport\u00e1ndole sabores avainillados.<\/p>\n<p>Cerveza Negra donde resaltan los gustos de Chocolate negro, Vainilla y Caf\u00e9 con un punto de dulzura.<\/p>\n<p>Consideramos que es ideal para beber sin prisas y degustar todos sus sabores y matices.<\/p>\n<p>Temperatura de degustaci\u00f3n: entre 12-14 grados.<\/p>\n<p>&nbsp;<\/p>\n","protected":false},"excerpt":{"rendered":"<p>Cerveza tocada por la tramontana! Alc. 9%. Cerveza negra donde resaltan los sabores de chocolate negro, vainilla y caf\u00e9 con un punto dulzor.<\/p>\n","protected":false},"featured_media":16423,"template":"","meta":{"inline_featured_image":false},"product_brand":[],"product_cat":[565],"product_tag":[],"class_list":{"0":"post-13550","1":"product","2":"type-product","3":"status-publish","4":"has-post-thumbnail","6":"product_cat-cerveza-con-miel","8":"first","9":"outofstock","10":"shipping-taxable","11":"purchasable","12":"product-type-simple"},"booking_location":null,"booking_location_type":null,"booking_duration":null,"booking_buffer":null,"booking_cost":null,"booking_resources":null,"_links":{"self":[{"href":"https:\/\/www.abellaires.com\/es\/wp-json\/wp\/v2\/product\/13550","targetHints":{"allow":["GET"]}}],"collection":[{"href":"https:\/\/www.abellaires.com\/es\/wp-json\/wp\/v2\/product"}],"about":[{"href":"https:\/\/www.abellaires.com\/es\/wp-json\/wp\/v2\/types\/product"}],"wp:featuredmedia":[{"embeddable":true,"href":"https:\/\/www.abellaires.com\/es\/wp-json\/wp\/v2\/media\/16423"}],"wp:attachment":[{"href":"https:\/\/www.abellaires.com\/es\/wp-json\/wp\/v2\/media?parent=13550"}],"wp:term":[{"taxonomy":"product_brand","embeddable":true,"href":"https:\/\/www.abellaires.com\/es\/wp-json\/wp\/v2\/product_brand?post=13550"},{"taxonomy":"product_cat","embeddable":true,"href":"https:\/\/www.abellaires.com\/es\/wp-json\/wp\/v2\/product_cat?post=13550"},{"taxonomy":"product_tag","embeddable":true,"href":"https:\/\/www.abellaires.com\/es\/wp-json\/wp\/v2\/product_tag?post=13550"}],"curies":[{"name":"wp","href":"https:\/\/api.w.org\/{rel}","templated":true}]}}

<p>Limbik Co. Imperial Porter </p>
<p>Alc. 9%. Venta en lotes de 6 botellas de 33 cl</p>
<p>Cerveza Imperial Porter hecha de trigo y cebada sin maltear los campos de Jep de Vilajuïga, nuestra miel del Paraje Natural de las Alberes y el lúpulo de la Lúpulina.</p>
<p>Una vez terminada la fermentación, madura en madera de roble americano aportándole sabores avainillados.</p>
<p>Cerveza Negra donde resaltan los gustos de Chocolate negro, Vainilla y Café con un punto de dulzura.</p>
<p>Consideramos que es ideal para beber sin prisas y degustar todos sus sabores y matices.</p>
<p>Temperatura de degustación: entre 12-14 grados.</p>
<p>&nbsp;</p>

<p>Cerveza tocada por la tramontana! Alc. 9%. Cerveza negra donde resaltan los sabores de chocolate negro, vainilla y café con un punto dulzor.</p>
