{"id":13589,"date":"2025-03-20T20:07:12","date_gmt":"2025-03-20T19:07:12","guid":{"rendered":"https:\/\/www.abellaires.com\/product\/miel-de-flores-cruda-cremosa\/"},"modified":"2026-01-29T15:29:19","modified_gmt":"2026-01-29T14:29:19","slug":"miel-de-flores-cruda-cremosa","status":"publish","type":"product","link":"https:\/\/www.abellaires.com\/es\/producto\/miel-de-flores-cruda-cremosa\/","title":{"rendered":"Miel cruda cremosa de flores del Empord\u00e0"},"content":{"rendered":"<p><strong>Miel cremosa del Empord\u00e0 de primavera-verano<\/strong>, <strong>aroma caracter\u00edstico<\/strong> de su origen bot\u00e1nico y un <strong>sabor dulce y suave<\/strong> con delicadas <em>notas harinacias<\/em> . Su textura cremosa y f\u00e1cil de manipular la hace <strong>ideal para untar<\/strong> o enriquecer cualquier receta.<\/p>\n<p>Esta miel se elabora a partir del <strong>n\u00e9ctar de diversas especies vegetales<\/strong> , seg\u00fan las floraciones de la temporada. El <strong>color y aroma pueden variar<\/strong> en funci\u00f3n de la flor predominante, haciendo de cada lote una experiencia \u00fanica y aut\u00e9ntica.<\/p>\n<p>Miel <strong>no calentada ni filtrada<\/strong> , conserva el 100% de sus propiedades naturales y puede contener peque\u00f1as impurezas, se\u00f1al de su <strong>pureza y calidad artesanal<\/strong> .<\/p>\n<p><strong>Propiedades tradicionales:<\/strong> recomendada por afecciones respiratorias, como t\u00f3nico estomacal e indicada para el reuma.<\/p>\n<p>Descubre la <strong>pureza de la naturaleza<\/strong> en cada cucharada y disfruta de una miel que <strong>deja huella en el paladar<\/strong> con su sabor intenso y persistente.<\/p>\n","protected":false},"excerpt":{"rendered":"<p>Miel cremosa del Empord\u00e0 de primavera-verano, con sabor dulce y suave, aroma bot\u00e1nico caracter\u00edstico y textura ideal para untar. No filtrada ni calentada, conserva todas sus propiedades naturales.<\/p>\n","protected":false},"featured_media":17539,"template":"","meta":{"inline_featured_image":false},"product_brand":[],"product_cat":[552,227],"product_tag":[588],"class_list":{"0":"post-13589","1":"product","2":"type-product","3":"status-publish","4":"has-post-thumbnail","6":"product_cat-miel-cruda","7":"product_cat-miel-natural","8":"product_tag-miel-cruda-cremosa","10":"first","11":"outofstock","12":"featured","13":"shipping-taxable","14":"purchasable","15":"product-type-variable","16":"has-default-attributes"},"booking_location":null,"booking_location_type":null,"booking_duration":null,"booking_buffer":null,"booking_cost":null,"booking_resources":null,"_links":{"self":[{"href":"https:\/\/www.abellaires.com\/es\/wp-json\/wp\/v2\/product\/13589","targetHints":{"allow":["GET"]}}],"collection":[{"href":"https:\/\/www.abellaires.com\/es\/wp-json\/wp\/v2\/product"}],"about":[{"href":"https:\/\/www.abellaires.com\/es\/wp-json\/wp\/v2\/types\/product"}],"wp:featuredmedia":[{"embeddable":true,"href":"https:\/\/www.abellaires.com\/es\/wp-json\/wp\/v2\/media\/17539"}],"wp:attachment":[{"href":"https:\/\/www.abellaires.com\/es\/wp-json\/wp\/v2\/media?parent=13589"}],"wp:term":[{"taxonomy":"product_brand","embeddable":true,"href":"https:\/\/www.abellaires.com\/es\/wp-json\/wp\/v2\/product_brand?post=13589"},{"taxonomy":"product_cat","embeddable":true,"href":"https:\/\/www.abellaires.com\/es\/wp-json\/wp\/v2\/product_cat?post=13589"},{"taxonomy":"product_tag","embeddable":true,"href":"https:\/\/www.abellaires.com\/es\/wp-json\/wp\/v2\/product_tag?post=13589"}],"curies":[{"name":"wp","href":"https:\/\/api.w.org\/{rel}","templated":true}]}}

Miel cruda cremosa de flores del Empordà

<p><strong>Miel cremosa del Empordà de primavera-verano</strong>, <strong>aroma característico</strong> de su origen botánico y un <strong>sabor dulce y suave</strong> con delicadas <em>notas harinacias</em> . Su textura cremosa y fácil de manipular la hace <strong>ideal para untar</strong> o enriquecer cualquier receta.</p>
<p>Esta miel se elabora a partir del <strong>néctar de diversas especies vegetales</strong> , según las floraciones de la temporada. El <strong>color y aroma pueden variar</strong> en función de la flor predominante, haciendo de cada lote una experiencia única y auténtica.</p>
<p>Miel <strong>no calentada ni filtrada</strong> , conserva el 100% de sus propiedades naturales y puede contener pequeñas impurezas, señal de su <strong>pureza y calidad artesanal</strong> .</p>
<p><strong>Propiedades tradicionales:</strong> recomendada por afecciones respiratorias, como tónico estomacal e indicada para el reuma.</p>
<p>Descubre la <strong>pureza de la naturaleza</strong> en cada cucharada y disfruta de una miel que <strong>deja huella en el paladar</strong> con su sabor intenso y persistente.</p>

<p>Miel cremosa del Empordà de primavera-verano, con sabor dulce y suave, aroma botánico característico y textura ideal para untar. No filtrada ni calentada, conserva todas sus propiedades naturales.</p>
