{"id":13780,"date":"2025-03-20T17:28:24","date_gmt":"2025-03-20T16:28:24","guid":{"rendered":"https:\/\/www.abellaires.com\/product\/miel-seleccion-de-las-alberas\/"},"modified":"2025-11-24T13:14:50","modified_gmt":"2025-11-24T12:14:50","slug":"miel-seleccion-de-las-alberas","status":"publish","type":"product","link":"https:\/\/www.abellaires.com\/es\/producto\/miel-seleccion-de-las-alberas\/","title":{"rendered":"Miel multifloral de las Alberes Selecci\u00f3n"},"content":{"rendered":"<p>Miel procedente del Parque Natural de l\u2019Albera (Alt Empord\u00e0). Cosecha: primavera<\/p>\n<p>Flores predominantes: <strong>cantueso <\/strong>(lavandula stoechas)\u00a0con <strong>brezo boal o de primavera<\/strong> .<\/p>\n<p>Color blanco, aroma floral y afrutado, sabor suave que se va intensificando con ligeros picos \u00e1cidos, persistente.<\/p>\n<p>La cultura popular dice que es un t\u00f3nico estomacal y tiene propiedades antis\u00e9pticas.<\/p>\n<p>Esta miel puede cristalizar, volvi\u00e9ndose espesa. Esto es garant\u00eda de calidad. Al ba\u00f1o mar\u00eda, sin pasar de los 40\u00ba para que no pierda las propiedades, vuelve a su estado l\u00edquido original.<\/p>\n","protected":false},"excerpt":{"rendered":"<p>Miel multifloral del Parque Natural de la Albera (Alt Empord\u00e0). Cosecha primavera. Cantueso (lavandula stoechas) con brezo boal o de primavera.<\/p>\n","protected":false},"featured_media":16388,"template":"","meta":{"inline_featured_image":false},"product_brand":[],"product_cat":[604,227],"product_tag":[],"class_list":{"0":"post-13780","1":"product","2":"type-product","3":"status-publish","4":"has-post-thumbnail","6":"product_cat-miel-multifloral-de-cataluna","7":"product_cat-miel-natural","9":"first","10":"instock","11":"shipping-taxable","12":"purchasable","13":"product-type-variable","14":"has-default-attributes"},"booking_location":null,"booking_location_type":null,"booking_duration":null,"booking_buffer":null,"booking_cost":null,"booking_resources":null,"_links":{"self":[{"href":"https:\/\/www.abellaires.com\/es\/wp-json\/wp\/v2\/product\/13780","targetHints":{"allow":["GET"]}}],"collection":[{"href":"https:\/\/www.abellaires.com\/es\/wp-json\/wp\/v2\/product"}],"about":[{"href":"https:\/\/www.abellaires.com\/es\/wp-json\/wp\/v2\/types\/product"}],"wp:featuredmedia":[{"embeddable":true,"href":"https:\/\/www.abellaires.com\/es\/wp-json\/wp\/v2\/media\/16388"}],"wp:attachment":[{"href":"https:\/\/www.abellaires.com\/es\/wp-json\/wp\/v2\/media?parent=13780"}],"wp:term":[{"taxonomy":"product_brand","embeddable":true,"href":"https:\/\/www.abellaires.com\/es\/wp-json\/wp\/v2\/product_brand?post=13780"},{"taxonomy":"product_cat","embeddable":true,"href":"https:\/\/www.abellaires.com\/es\/wp-json\/wp\/v2\/product_cat?post=13780"},{"taxonomy":"product_tag","embeddable":true,"href":"https:\/\/www.abellaires.com\/es\/wp-json\/wp\/v2\/product_tag?post=13780"}],"curies":[{"name":"wp","href":"https:\/\/api.w.org\/{rel}","templated":true}]}}

Miel multifloral de las Alberes Selección

<p>Miel procedente del Parque Natural de l’Albera (Alt Empordà). Cosecha: primavera</p>
<p>Flores predominantes: <strong>cantueso </strong>(lavandula stoechas) con <strong>brezo boal o de primavera</strong> .</p>
<p>Color blanco, aroma floral y afrutado, sabor suave que se va intensificando con ligeros picos ácidos, persistente.</p>
<p>La cultura popular dice que es un tónico estomacal y tiene propiedades antisépticas.</p>
<p>Esta miel puede cristalizar, volviéndose espesa. Esto es garantía de calidad. Al baño maría, sin pasar de los 40º para que no pierda las propiedades, vuelve a su estado líquido original.</p>

<p>Miel multifloral del Parque Natural de la Albera (Alt Empordà). Cosecha primavera. Cantueso (lavandula stoechas) con brezo boal o de primavera.</p>
