{"id":13828,"date":"2025-03-20T19:08:35","date_gmt":"2025-03-20T18:08:35","guid":{"rendered":"https:\/\/www.abellaires.com\/product\/jabon-miel-100-vegetal-bio\/"},"modified":"2025-08-28T15:14:13","modified_gmt":"2025-08-28T13:14:13","slug":"jabon-miel-100-vegetal-bio","status":"publish","type":"product","link":"https:\/\/www.abellaires.com\/es\/producto\/jabon-miel-100-vegetal-bio\/","title":{"rendered":"Pastilla de Jab\u00f3n de Miel y Karit\u00e9 Ecol\u00f3gica 100% Vegetal"},"content":{"rendered":"<p class=\"p1\"><b>Hidrataci\u00f3n y protecci\u00f3n natural para toda la familia.<\/b><b><\/b><\/p>\n<p class=\"p3\">Pastilla de jab\u00f3n elaborada artesanalmente con <span class=\"s1\"><b>miel ecol\u00f3gica y mantequilla de karit\u00e9<\/b><\/span> , dos ingredientes reconocidos por sus propiedades <span class=\"s1\"><b>nutritivas, emolientes y antibacterianas<\/b><\/span> . Con una base 100% vegetal, este jab\u00f3n es ideal para el cuidado diario de la piel, incluso el m\u00e1s delicado. <\/p>\n<p class=\"p3\">\u2714 Apto para todo tipo de piel<\/p>\n<p class=\"p3\">\u2714 Sin parabenos ni sulfatos<\/p>\n<p class=\"p3\">\u2714 Sin pl\u00e1stico \u2013 0% residuos<\/p>\n<p class=\"p3\">\u2714 Producto ecol\u00f3gico, local y <span class=\"s1\"><b>hecho a mano<\/b><b><\/b><\/span><\/p>\n<p class=\"p3\">\u2714 Aroma suave y textura cremosa<\/p>\n<p class=\"p3\">La combinaci\u00f3n de <span class=\"s1\"><b>miel y karit\u00e9<\/b><\/span> aporta <span class=\"s1\"><b>hidrataci\u00f3n profunda, elasticidad<\/b><\/span> y protecci\u00f3n natural contra agresiones externas.<\/p>\n<p>Peso: 100 g.<\/p>\n","protected":false},"excerpt":{"rendered":"<p>Jab\u00f3n de miel y karit\u00e9 ecol\u00f3gico, 100% vegetal y artesanal. Hidrata, nutre y protege incluso las pieles m\u00e1s sensibles. Sin pl\u00e1stico ni parabenos.  <\/p>\n","protected":false},"featured_media":17616,"template":"","meta":{"inline_featured_image":false},"product_brand":[],"product_cat":[390],"product_tag":[],"class_list":{"0":"post-13828","1":"product","2":"type-product","3":"status-publish","4":"has-post-thumbnail","6":"product_cat-otros-productos-es","8":"first","9":"instock","10":"shipping-taxable","11":"purchasable","12":"product-type-simple"},"booking_location":null,"booking_location_type":null,"booking_duration":null,"booking_buffer":null,"booking_cost":null,"booking_resources":null,"_links":{"self":[{"href":"https:\/\/www.abellaires.com\/es\/wp-json\/wp\/v2\/product\/13828","targetHints":{"allow":["GET"]}}],"collection":[{"href":"https:\/\/www.abellaires.com\/es\/wp-json\/wp\/v2\/product"}],"about":[{"href":"https:\/\/www.abellaires.com\/es\/wp-json\/wp\/v2\/types\/product"}],"wp:featuredmedia":[{"embeddable":true,"href":"https:\/\/www.abellaires.com\/es\/wp-json\/wp\/v2\/media\/17616"}],"wp:attachment":[{"href":"https:\/\/www.abellaires.com\/es\/wp-json\/wp\/v2\/media?parent=13828"}],"wp:term":[{"taxonomy":"product_brand","embeddable":true,"href":"https:\/\/www.abellaires.com\/es\/wp-json\/wp\/v2\/product_brand?post=13828"},{"taxonomy":"product_cat","embeddable":true,"href":"https:\/\/www.abellaires.com\/es\/wp-json\/wp\/v2\/product_cat?post=13828"},{"taxonomy":"product_tag","embeddable":true,"href":"https:\/\/www.abellaires.com\/es\/wp-json\/wp\/v2\/product_tag?post=13828"}],"curies":[{"name":"wp","href":"https:\/\/api.w.org\/{rel}","templated":true}]}}

Pastilla de Jabón de Miel y Karité Ecológica 100% Vegetal

<p class="p1"><b>Hidratación y protección natural para toda la familia.</b><b></b></p>
<p class="p3">Pastilla de jabón elaborada artesanalmente con <span class="s1"><b>miel ecológica y mantequilla de karité</b></span> , dos ingredientes reconocidos por sus propiedades <span class="s1"><b>nutritivas, emolientes y antibacterianas</b></span> . Con una base 100% vegetal, este jabón es ideal para el cuidado diario de la piel, incluso el más delicado. </p>
<p class="p3">✔ Apto para todo tipo de piel</p>
<p class="p3">✔ Sin parabenos ni sulfatos</p>
<p class="p3">✔ Sin plástico – 0% residuos</p>
<p class="p3">✔ Producto ecológico, local y <span class="s1"><b>hecho a mano</b><b></b></span></p>
<p class="p3">✔ Aroma suave y textura cremosa</p>
<p class="p3">La combinación de <span class="s1"><b>miel y karité</b></span> aporta <span class="s1"><b>hidratación profunda, elasticidad</b></span> y protección natural contra agresiones externas.</p>
<p>Peso: 100 g.</p>

<p>Jabón de miel y karité ecológico, 100% vegetal y artesanal. Hidrata, nutre y protege incluso las pieles más sensibles. Sin plástico ni parabenos.  </p>
