{"id":15652,"date":"2024-01-12T07:47:28","date_gmt":"2024-01-12T06:47:28","guid":{"rendered":"https:\/\/www.abellaires.com\/faq-items\/comment-le-climat-influence-t-il-la-production-de-miel\/"},"modified":"2024-01-12T07:47:28","modified_gmt":"2024-01-12T06:47:28","slug":"comment-le-climat-influence-t-il-la-production-de-miel","status":"publish","type":"avada_faq","link":"https:\/\/www.abellaires.com\/fr\/faq-items\/comment-le-climat-influence-t-il-la-production-de-miel\/","title":{"rendered":"Comment le climat influence-t-il la production de miel ?"},"content":{"rendered":"<p>Si les p\u00e9riodes de floraison sont raccourcies en raison des temp\u00e9ratures estivales \u00e9lev\u00e9es, la consommation de nectar sera s\u00e9rieusement affect\u00e9e, entra\u00eenant une production de miel consid\u00e9rablement plus faible.<\/p>\n","protected":false},"excerpt":{"rendered":"<p>Si les p\u00e9riodes de floraison sont raccourcies en raison des temp\u00e9ratures estivales &#8230;<\/p>\n","protected":false},"author":2,"featured_media":0,"menu_order":0,"comment_status":"closed","ping_status":"closed","template":"","format":"standard","meta":{"inline_featured_image":false,"footnotes":""},"faq_category":[],"class_list":["post-15652","avada_faq","type-avada_faq","status-publish","format-standard","hentry"],"_links":{"self":[{"href":"https:\/\/www.abellaires.com\/fr\/wp-json\/wp\/v2\/avada_faq\/15652","targetHints":{"allow":["GET"]}}],"collection":[{"href":"https:\/\/www.abellaires.com\/fr\/wp-json\/wp\/v2\/avada_faq"}],"about":[{"href":"https:\/\/www.abellaires.com\/fr\/wp-json\/wp\/v2\/types\/avada_faq"}],"author":[{"embeddable":true,"href":"https:\/\/www.abellaires.com\/fr\/wp-json\/wp\/v2\/users\/2"}],"replies":[{"embeddable":true,"href":"https:\/\/www.abellaires.com\/fr\/wp-json\/wp\/v2\/comments?post=15652"}],"version-history":[{"count":0,"href":"https:\/\/www.abellaires.com\/fr\/wp-json\/wp\/v2\/avada_faq\/15652\/revisions"}],"wp:attachment":[{"href":"https:\/\/www.abellaires.com\/fr\/wp-json\/wp\/v2\/media?parent=15652"}],"wp:term":[{"taxonomy":"faq_category","embeddable":true,"href":"https:\/\/www.abellaires.com\/fr\/wp-json\/wp\/v2\/faq_category?post=15652"}],"curies":[{"name":"wp","href":"https:\/\/api.w.org\/{rel}","templated":true}]}}

<p>Si les périodes de floraison sont raccourcies en raison des températures estivales élevées, la consommation de nectar sera sérieusement affectée, entraînant une production de miel considérablement plus faible.</p>

<p>Si les périodes de floraison sont raccourcies en raison des températures estivales &#8230;</p>
