{"id":15709,"date":"2024-01-12T07:38:34","date_gmt":"2024-01-12T06:38:34","guid":{"rendered":"https:\/\/www.abellaires.com\/faq-items\/que-faisons-nous-des-abeilles-que-nous-retirons-et-ou-sauvons\/"},"modified":"2024-01-12T07:38:34","modified_gmt":"2024-01-12T06:38:34","slug":"que-faisons-nous-des-abeilles-que-nous-retirons-et-ou-sauvons","status":"publish","type":"avada_faq","link":"https:\/\/www.abellaires.com\/fr\/faq-items\/que-faisons-nous-des-abeilles-que-nous-retirons-et-ou-sauvons\/","title":{"rendered":"Que faisons-nous des abeilles que nous retirons et\/ou sauvons ?"},"content":{"rendered":"\n\nUne fois les abeilles sauv\u00e9es, nous les placerons dans un rucher ind\u00e9pendant de la ferme. Comme nous ne connaissons pas l&rsquo;origine, nous ne savons pas s&rsquo;ils sont m\u00e9dicament\u00e9s contre le Varroa (voir question sur le varroa). \n\n \n\n\u00c0 l&rsquo;h\u00f4pital du rucher, ils sont soign\u00e9s, nourris si n\u00e9cessaire et disposent \u00e9galement d&rsquo;une source d&rsquo;eau. Un suivi est effectu\u00e9 pendant un mois. Une fois que nous savons qu\u2019ils sont en bonne sant\u00e9, ils sont int\u00e9gr\u00e9s dans un rucher fonctionnel.  \n\n \n\nS&rsquo;ils survivent, normalement, la premi\u00e8re ann\u00e9e, ils ne produiront que du miel pour leur propre consommation et \u00e0 partir de la deuxi\u00e8me ann\u00e9e, nous pourrons commencer \u00e0 le r\u00e9colter nous-m\u00eames.\n\n","protected":false},"excerpt":{"rendered":"<p>Une fois les abeilles sauv\u00e9es, nous les placerons dans un rucher ind\u00e9pendant &#8230;<\/p>\n","protected":false},"author":2,"featured_media":0,"menu_order":0,"comment_status":"closed","ping_status":"closed","template":"","format":"standard","meta":{"inline_featured_image":false,"footnotes":""},"faq_category":[],"class_list":["post-15709","avada_faq","type-avada_faq","status-publish","format-standard","hentry"],"_links":{"self":[{"href":"https:\/\/www.abellaires.com\/fr\/wp-json\/wp\/v2\/avada_faq\/15709","targetHints":{"allow":["GET"]}}],"collection":[{"href":"https:\/\/www.abellaires.com\/fr\/wp-json\/wp\/v2\/avada_faq"}],"about":[{"href":"https:\/\/www.abellaires.com\/fr\/wp-json\/wp\/v2\/types\/avada_faq"}],"author":[{"embeddable":true,"href":"https:\/\/www.abellaires.com\/fr\/wp-json\/wp\/v2\/users\/2"}],"replies":[{"embeddable":true,"href":"https:\/\/www.abellaires.com\/fr\/wp-json\/wp\/v2\/comments?post=15709"}],"version-history":[{"count":0,"href":"https:\/\/www.abellaires.com\/fr\/wp-json\/wp\/v2\/avada_faq\/15709\/revisions"}],"wp:attachment":[{"href":"https:\/\/www.abellaires.com\/fr\/wp-json\/wp\/v2\/media?parent=15709"}],"wp:term":[{"taxonomy":"faq_category","embeddable":true,"href":"https:\/\/www.abellaires.com\/fr\/wp-json\/wp\/v2\/faq_category?post=15709"}],"curies":[{"name":"wp","href":"https:\/\/api.w.org\/{rel}","templated":true}]}}

Une fois les abeilles sauvées, nous les placerons dans un rucher indépendant de la ferme. Comme nous ne connaissons pas l&rsquo;origine, nous ne savons pas s&rsquo;ils sont médicamentés contre le Varroa (voir question sur le varroa). 

 

À l&rsquo;hôpital du rucher, ils sont soignés, nourris si nécessaire et disposent également d&rsquo;une source d&rsquo;eau. Un suivi est effectué pendant un mois. Une fois que nous savons qu’ils sont en bonne santé, ils sont intégrés dans un rucher fonctionnel.  

 

S&rsquo;ils survivent, normalement, la première année, ils ne produiront que du miel pour leur propre consommation et à partir de la deuxième année, nous pourrons commencer à le récolter nous-mêmes.

<p>Une fois les abeilles sauvées, nous les placerons dans un rucher indépendant &#8230;</p>
