{"id":13549,"date":"2025-03-20T18:29:43","date_gmt":"2025-03-20T17:29:43","guid":{"rendered":"https:\/\/www.abellaires.com\/product\/biere-bio-avec-miel\/"},"modified":"2025-06-04T18:17:41","modified_gmt":"2025-06-04T16:17:41","slug":"biere-bio-avec-miel","status":"publish","type":"product","link":"https:\/\/www.abellaires.com\/fr\/produit\/biere-bio-avec-miel\/","title":{"rendered":"Bi\u00e8re bio au miel 6 x 33 cl"},"content":{"rendered":"<p>Bi\u00e8re <em>blonde<\/em> au miel biologique \u00e0 la robe dor\u00e9e et \u00e0 la mousse blanche.<\/p>\n<p> Ar\u00f4mes intenses de miel, de malt, de fleurs blanches et de fleur d&rsquo;oranger, ar\u00f4mes \u00e9pic\u00e9s de clou de girofle au nez et de poivre blanc.<\/p>\n<p> Finale l\u00e9g\u00e8rement houblonn\u00e9e, ce qui lui conf\u00e8re un bon \u00e9quilibre.<\/p>\n<p> Il est recommand\u00e9 de servir frais entre 4 et 6\u00ba<\/p>\n<p> 6 bouteilles de 33 cl.<\/p>\n","protected":false},"excerpt":{"rendered":"<p>Bi\u00e8re biologique au miel, \u00e9labor\u00e9e de mani\u00e8re artisanale, avec du malt d&rsquo;orge, du miel de bruy\u00e8re et du houblon issus de l&rsquo;agriculture biologique.<\/p>\n<p> 5,5% vol.<\/p>\n","protected":false},"featured_media":16414,"template":"","meta":{"inline_featured_image":false},"product_brand":[],"product_cat":[566],"product_tag":[],"class_list":{"0":"post-13549","1":"product","2":"type-product","3":"status-publish","4":"has-post-thumbnail","6":"product_cat-biere-au-miel","8":"first","9":"instock","10":"shipping-taxable","11":"purchasable","12":"product-type-simple"},"booking_location":null,"booking_location_type":null,"booking_duration":null,"booking_buffer":null,"booking_cost":null,"booking_resources":null,"_links":{"self":[{"href":"https:\/\/www.abellaires.com\/fr\/wp-json\/wp\/v2\/product\/13549","targetHints":{"allow":["GET"]}}],"collection":[{"href":"https:\/\/www.abellaires.com\/fr\/wp-json\/wp\/v2\/product"}],"about":[{"href":"https:\/\/www.abellaires.com\/fr\/wp-json\/wp\/v2\/types\/product"}],"wp:featuredmedia":[{"embeddable":true,"href":"https:\/\/www.abellaires.com\/fr\/wp-json\/wp\/v2\/media\/16414"}],"wp:attachment":[{"href":"https:\/\/www.abellaires.com\/fr\/wp-json\/wp\/v2\/media?parent=13549"}],"wp:term":[{"taxonomy":"product_brand","embeddable":true,"href":"https:\/\/www.abellaires.com\/fr\/wp-json\/wp\/v2\/product_brand?post=13549"},{"taxonomy":"product_cat","embeddable":true,"href":"https:\/\/www.abellaires.com\/fr\/wp-json\/wp\/v2\/product_cat?post=13549"},{"taxonomy":"product_tag","embeddable":true,"href":"https:\/\/www.abellaires.com\/fr\/wp-json\/wp\/v2\/product_tag?post=13549"}],"curies":[{"name":"wp","href":"https:\/\/api.w.org\/{rel}","templated":true}]}}

Bière bio au miel 6 x 33 cl

<p>Bière <em>blonde</em> au miel biologique à la robe dorée et à la mousse blanche.</p>
<p> Arômes intenses de miel, de malt, de fleurs blanches et de fleur d&rsquo;oranger, arômes épicés de clou de girofle au nez et de poivre blanc.</p>
<p> Finale légèrement houblonnée, ce qui lui confère un bon équilibre.</p>
<p> Il est recommandé de servir frais entre 4 et 6º</p>
<p> 6 bouteilles de 33 cl.</p>

<p>Bière biologique au miel, élaborée de manière artisanale, avec du malt d&rsquo;orge, du miel de bruyère et du houblon issus de l&rsquo;agriculture biologique.</p>
<p> 5,5% vol.</p>
