{"id":13551,"date":"2025-03-20T18:47:39","date_gmt":"2025-03-20T17:47:39","guid":{"rendered":"https:\/\/www.abellaires.com\/product\/biere-limbik-co-imperial-porter\/"},"modified":"2025-06-04T18:26:40","modified_gmt":"2025-06-04T16:26:40","slug":"biere-limbik-co-imperial-porter","status":"publish","type":"product","link":"https:\/\/www.abellaires.com\/fr\/produit\/biere-limbik-co-imperial-porter\/","title":{"rendered":"Bi\u00e8re au miel Limbik Co. Imperial Porter 6 x 33 cl"},"content":{"rendered":"<p>Limbik Co. Imperial Porter <\/p>\n<p>\u00c9lan. 9%. Vendu par lot de 6 bouteilles de 33 cl.<\/p>\n<p>Bi\u00e8re Imperial Porter faite de bl\u00e9 et d&rsquo;orge des champs de Jep de Vilaju\u00efga, notre miel du Parc Naturel des Alb\u00e8res et le houblon de L\u00fapulina.<\/p>\n<p>Une fois la fermentation termin\u00e9e, elle m\u00fbrit dans du ch\u00eane am\u00e9ricain, lui conf\u00e9rant des saveurs vanill\u00e9es.<\/p>\n<p>Une bi\u00e8re noire mettant en avant les go\u00fbts de chocolat noir, de vanille et de caf\u00e9 avec une touche de douceur.<\/p>\n<p>Nous pensons qu&rsquo;elle est id\u00e9ale pour \u00eatre d\u00e9gust\u00e9e sans pr\u00e9cipitation afin de savourer toutes ses saveurs et nuances.<\/p>\n<p>Temp\u00e9rature de d\u00e9gustation : entre 12-14 degr\u00e9s.<\/p>\n<p>&nbsp;<\/p>\n","protected":false},"excerpt":{"rendered":"<p>Bi\u00e8re touch\u00e9e par la \u00ab\u00a0Tramuntana\u00a0\u00bb (vent du nord catalan)! \u00c9lan. 9%. Bi\u00e8re brune avec une pointe de douceur et les saveurs de chocolat noir, de vanille et de caf\u00e9 se d\u00e9marquent.<\/p>\n","protected":false},"featured_media":16422,"template":"","meta":{"inline_featured_image":false},"product_brand":[],"product_cat":[566],"product_tag":[],"class_list":{"0":"post-13551","1":"product","2":"type-product","3":"status-publish","4":"has-post-thumbnail","6":"product_cat-biere-au-miel","8":"first","9":"outofstock","10":"shipping-taxable","11":"purchasable","12":"product-type-simple"},"booking_location":null,"booking_location_type":null,"booking_duration":null,"booking_buffer":null,"booking_cost":null,"booking_resources":null,"_links":{"self":[{"href":"https:\/\/www.abellaires.com\/fr\/wp-json\/wp\/v2\/product\/13551","targetHints":{"allow":["GET"]}}],"collection":[{"href":"https:\/\/www.abellaires.com\/fr\/wp-json\/wp\/v2\/product"}],"about":[{"href":"https:\/\/www.abellaires.com\/fr\/wp-json\/wp\/v2\/types\/product"}],"wp:featuredmedia":[{"embeddable":true,"href":"https:\/\/www.abellaires.com\/fr\/wp-json\/wp\/v2\/media\/16422"}],"wp:attachment":[{"href":"https:\/\/www.abellaires.com\/fr\/wp-json\/wp\/v2\/media?parent=13551"}],"wp:term":[{"taxonomy":"product_brand","embeddable":true,"href":"https:\/\/www.abellaires.com\/fr\/wp-json\/wp\/v2\/product_brand?post=13551"},{"taxonomy":"product_cat","embeddable":true,"href":"https:\/\/www.abellaires.com\/fr\/wp-json\/wp\/v2\/product_cat?post=13551"},{"taxonomy":"product_tag","embeddable":true,"href":"https:\/\/www.abellaires.com\/fr\/wp-json\/wp\/v2\/product_tag?post=13551"}],"curies":[{"name":"wp","href":"https:\/\/api.w.org\/{rel}","templated":true}]}}

Bière au miel Limbik Co. Imperial Porter 6 x 33 cl

<p>Limbik Co. Imperial Porter </p>
<p>Élan. 9%. Vendu par lot de 6 bouteilles de 33 cl.</p>
<p>Bière Imperial Porter faite de blé et d&rsquo;orge des champs de Jep de Vilajuïga, notre miel du Parc Naturel des Albères et le houblon de Lúpulina.</p>
<p>Une fois la fermentation terminée, elle mûrit dans du chêne américain, lui conférant des saveurs vanillées.</p>
<p>Une bière noire mettant en avant les goûts de chocolat noir, de vanille et de café avec une touche de douceur.</p>
<p>Nous pensons qu&rsquo;elle est idéale pour être dégustée sans précipitation afin de savourer toutes ses saveurs et nuances.</p>
<p>Température de dégustation : entre 12-14 degrés.</p>
<p>&nbsp;</p>

<p>Bière touchée par la « Tramuntana » (vent du nord catalan)! Élan. 9%. Bière brune avec une pointe de douceur et les saveurs de chocolat noir, de vanille et de café se démarquent.</p>
